{"id":165,"date":"2021-07-01T07:20:05","date_gmt":"2021-07-01T10:20:05","guid":{"rendered":"https:\/\/cinemadosquilombos.wordpress.com\/?page_id=165"},"modified":"2023-04-29T15:48:16","modified_gmt":"2023-04-29T18:48:16","slug":"165-2","status":"publish","type":"page","link":"https:\/\/cinemadosquilombos.com.br\/index.php\/165-2\/","title":{"rendered":"2\u00aa Mostra Cinema dos Quilombos"},"content":{"rendered":"\n<figure class=\"wp-block-image size-large\"><img decoding=\"async\" src=\"https:\/\/cinemadosquilombos.files.wordpress.com\/2021\/07\/cabeccca7alho_site_2mcq-01.jpg?w=1024\" alt=\"\" class=\"wp-image-176\"\/><\/figure>\n\n\n<p>De 14 a 24 de julho de 2021 aconteceu a 2\u00aa Mostra Cinema dos Quilombos, que contou com exibi\u00e7\u00f5es online de filmes e <a href=\"https:\/\/cinemadosquilombos.com.br\/rodas-de-conversa-online\/\">quatro debates<\/a> com realizadores transmitidos ao vivo. Os filmes e debates puderam ser assistidos aqui pelo nosso site e pela plataforma Todes Play.<br \/>Realizar mostras de com filmes quilombolas \u00e9 uma das frentes de atua\u00e7\u00e3o do projeto <strong><a href=\"https:\/\/cinemadosquilombos.wordpress.com\/cinema-dos-quilombos\/\">Cinema dos Quilombos<\/a>. <\/strong>A mostra foi viabilizada com recursos da Lei Aldir Blanc da Secult-MG, edital 16\/2020, numa parceria da Associa\u00e7\u00e3o Quilombola Marques e o projeto Cinema dos Quilombos.<\/p>\n<p>Confira abaixo os filmes selecionados. Saiba mais sobre a curadoria <strong><a href=\"https:\/\/cinemadosquilombos.wordpress.com\/2a-mostra-de-cinema-dos-quilombos\/\">aqui<\/a><\/strong>. A grava\u00e7\u00e3o dos debates pode ser vista <a href=\"https:\/\/cinemadosquilombos.wordpress.com\/rodas-de-conversa-online\/\">aqui<\/a>.<\/p>\n<p>\u00a0<\/p>\n<p><strong>1- Quilombo Mata Cavalo<\/strong><br \/>Dire\u00e7\u00e3o: Jurandir Amaral \/ 2018 \/ 16\u2019 \/ livre<br \/>Quilombo Mata Cavalo \/ Nossa Senhora do Livramento &#8211; MT<\/p>\n<p>No Quilombo Mata Cavalo, quilombolas distribu\u00eddos em seis comunidades resistem para preservar seus tra\u00e7os culturais, manter a integra\u00e7\u00e3o comunit\u00e1ria e conquistar a regulariza\u00e7\u00e3o das terras herdadas de seus ancestrais.<\/p>\n<p>___________________________________________________________________________________________<\/p>\n<p><strong>2- O Mundo Preto tem Mais Vida<\/strong><br \/>Dire\u00e7\u00e3o: Sabrina Duran \/ 2018 \/ 37\u2019 \/ livre<br \/>Quilombo de Santa Rosa dos Pretos \/ Itapecuru-Mirim &#8211; MA<\/p>\n<p>A constru\u00e7\u00e3o e amplia\u00e7\u00e3o da Estrada de Ferro Caraj\u00e1s, da BR 135, atravessa violentamente a comunidade quilombola de Santa Rosa dos Pretos Itapecuru-Mirim, no Maranh\u00e3o. O Departamento Nacional de Infra-Estrutura de Transportes (DNIT) e a empresa Vale S.A. cometem severas viola\u00e7\u00f5es contra os quilombolas. Mas a vida preta de Santa Rosa ainda resiste, \u00e0 revelia do buraco branco que tudo devora sem se dar por satisfeito.<\/p>\n<p>___________________________________________________________________________________________<\/p>\n<p><strong>3- Cumbe &#8211; mem\u00f3rias quilombola<\/strong><br \/>Dire\u00e7\u00e3o: Iorana Silva, Vivian Raqueli Silva, Nicolas Michel Silva, Jhonatan Moreira, Nicoly Silva, Ant\u00f4nio Martins Neto, Robert Rocha, Ednilson Oliveira, Tiana Cassiano, Amanda Nogueira, Cleomar Rocha \/ 2020 \/ 11\u2019 \/ livre<br \/>Quilombo do Cumbe \/ Aracati &#8211; CE<\/p>\n<p>Uma colcha de retalhos. Mem\u00f3rias de quem somos.<\/p>\n<p>___________________________________________________________________________________________<\/p>\n<p><strong>4- Cofo do Rampa<\/strong><br \/>Dire\u00e7\u00e3o: Na\u00fdra Albuquerque \/ 2019 \/ 12 \/ livre<br \/>Quilombo Rampa \/ Vargem Grande &#8211; MA<\/p>\n<p>O fazer do cofo de palha do Quilombo Rampa, acompanhado atentamente pelas vis\u00f5es de uma c\u00e2mera aprendiz, gerando um cinema-aprendiz.<\/p>\n<p>_______________________________________________________________________________________________<\/p>\n<p><strong>5- Jac\u00e1 do Quilombo<\/strong><br \/>Dire\u00e7\u00e3o: Raimundo Jos\u00e9 e Aparecida Leite \/ 2020 \/ 11\u2019 \/ livre<br \/>Quilombo Rampa \/ Vargem Grande &#8211; MA<\/p>\n<p>O quilombola Modesto Santos de 56 anos mostrando como se faz o jac\u00e1, uma pratica ancestral que passa de gera\u00e7\u00e3o pra gera\u00e7\u00e3o no quilombo Rampa.<\/p>\n<p>___________________________________________________________________________________________<\/p>\n<p><strong>6- A Viagem de Seu Arlindo<\/strong><br \/>Dire\u00e7\u00e3o: Sheila Alto\u00e9 \/ 2018 \/ 16\u2019 \/ livre<br \/>Quilombo de Pedra Branca \/ Vargem Alta &#8211; ES<\/p>\n<p>Na comunidade Quilombola de Pedra Branca, nas montanhas capixabas, os mais velhos preservam a tradi\u00e7\u00e3o de contar hist\u00f3rias para os mais jovens como a do dia em que o Seu Arlindo decide fazer uma misteriosa viagem, deixando intrigados os moradores locais.<\/p>\n<p>___________________________________________________________________________________________<\/p>\n<p><strong>7- O Retorno de Luzia<\/strong><br \/>Dire\u00e7\u00e3o: Coletivo Ficcionalizar \/ 2019 \/ 10\u2019 \/ livre<br \/>Quilombos Quixabeira e Feij\u00e3o \/ Mirandiba &#8211; PE<\/p>\n<p>Do centro da cidade de Mirandiba aos quilombos da Quixabeira e Feij\u00e3o, a paisagem sertaneja e o Baob\u00e1, \u00e1rvore ancestral de \u00c1frica, v\u00e3o abrigar a narrativa do retorno de Luzia ao quilombo, depois da dor e supera\u00e7\u00e3o do racismo vivido na cidade.<\/p>\n<p>___________________________________________________________________________________________<\/p>\n<p><strong>8- Mulher Guerreira<\/strong><br \/>Dire\u00e7\u00e3o: Carl\u00facia de Melo Soares \/ 2015 \/ 12\u2019 \/ livre<br \/>Arraias &#8211; TO<\/p>\n<p>O filme conta a hist\u00f3ria da diretora, uma descendente quilombola que n\u00e3o desistiu diante das dificuldades, estudando, aprendendo a profiss\u00e3o de pedreira e conquistando seus sonhos.<\/p>\n<p>___________________________________________________________________________________________<\/p>\n<p><strong>9- Pra se contar uma hist\u00f3ria<\/strong><br \/>Dire\u00e7\u00e3o: Elen Linth, Lucicleide Santos, Diego Jesus e Leandro Rodrigues \/ 2013 \/ 25\u2019 \/ livre<br \/>Quilombo Santiago do Iguape \/ Cachoeira &#8211; BA<\/p>\n<p>Na comunidade quilombola Santiago do Iguape, Neguinha conta uma hist\u00f3ria de resist\u00eancia.<\/p>\n<p>___________________________________________________________________________________________<\/p>\n<p><strong>10- Senhoras do Dend\u00ea<\/strong><br \/>Dire\u00e7\u00e3o: Auzerina Baptista e Jefferson Gon\u00e7alves Correia \/ 2019 \/ 38\u2019 \/ livre<br \/>Quilombo Sap\u00ea do Norte \/ S\u00e3o Mateus &#8211; ES<\/p>\n<p>As Senhoras do Dend\u00ea ocupam tradicionalmente o territ\u00f3rio quilombola do Sap\u00ea do Norte (munic\u00edpios de S\u00e3o Mateus e Concei\u00e7\u00e3o da Barra-ES) h\u00e1 muitas gera\u00e7\u00f5es, mantendo e transmitindo diversos saberes e fazeres coletivos, tamb\u00e9m ocupam posi\u00e7\u00f5es de destaque em casas de candombl\u00e9 e umbanda no Sap\u00ea do Norte e na Grande Vit\u00f3ria. O filme registra um encontro dessas senhoras, suas trocas de saberes e de luta contra o exterm\u00ednio dos dendezeiros por uma grande empresa de celulose.<\/p>\n<p>___________________________________________________________________________________________<\/p>\n<p><strong>11- Candombe do a\u00e7ude: o passado contado pelo canto. Ep. 1: Pandemia &#8211; Isolamento ou Respiro?<\/strong><br \/>Dire\u00e7\u00e3o: Danilo Candombe \/ Quilombo do A\u00e7ude \/ Jaboticatubas \u2013 MG \/ 2020 \/ 29\u2019 \/ livre<\/p>\n<p>S\u00e9rie de tr\u00eas document\u00e1rios sobre o quilombo do A\u00e7ude. O primeiro epis\u00f3dio \u2013 Pandemia: isolamento ou retiro &#8211; retrata sobre como foi o ritual do Candombe nesse momento de pandemia no ano de 2020 e mostra como a nova gera\u00e7\u00e3o vivenciou e sentiu a manifesta\u00e7\u00e3o de suas tradi\u00e7\u00f5es, pela primeira vez em 20 anos sem a influ\u00eancia de visitantes.<\/p>\n<p>___________________________________________________________________________________________<\/p>\n<p><strong>12- Tambor na Mata<\/strong><br \/>Dire\u00e7\u00e3o: Raimundo Jos\u00e9 da Silva Leite \/ Quilombo Rampa \/ Vargem Grande \u2013 MA \/ 2019 \/ 25\u2019 \/ livre<\/p>\n<p>Tambor na Mata \u00e9 uma manifesta\u00e7\u00e3o cultural realizada todos os anos no Quilombo Rampa munic\u00edpio de Vargem Grande-MA, sempre no dia 31 de dezembro, crian\u00e7as, jovens, homens e mulheres do quilombo escolhem uma parte da mata onde v\u00e3o pela manh\u00e3 e voltam s\u00f3 a tarde pra casa, passam o dia inteiro cantando e dan\u00e7ando tambor na mata.<\/p>\n<p>___________________________________________________________________________________________<\/p>\n<p><strong>13- Lealdade<\/strong><br \/>Dire\u00e7\u00e3o: Ana Stela Cunha e Milla Negrah Avelar \/ Quilombo do Dam\u00e1sio \/ Guimar\u00e3es \u2013 MA \/ 2019 \/ 7\u2019 \/ livre<\/p>\n<p>No Quilombo de Dam\u00e1sio \u2013 tal como em praticamente todo o Estado do Maranh\u00e3o \u2013 a brincadeira da \u201cdan\u00e7a portuguesa\u201d faz parte dos extensos festejos juninos. Mas quando nos deparamos com esta brincadeira numa \u201cterra de preto\u201d (como tem sido definido pelos seus moradores este espa\u00e7o, que extrapola a geografia) o estranhamento vem \u00e0 tona.<br \/><br \/>_______________________________________________________________<\/p>\n<p><strong>Ficha T\u00e9cnica da Mostra<br \/><br \/><\/strong><\/p>\n<p><strong>Produ\u00e7\u00e3o: <\/strong>Associa\u00e7\u00e3o Quilombola Marques e Cinema dos Quilombos<\/p>\n<p><strong> <\/strong><\/p>\n<p><strong>Curadoria:<\/strong> Alessandra Brito, Maya Quilolo, Claudiene de S. Santos Almeida, Dione Marques, Edson Quilombola, Maria Eunice de Souza Franco, Rosinere Franco, Wiliam de Souza Franco.<\/p>\n<p><strong> <\/strong><\/p>\n<p><strong>Artes: <\/strong>Kenny Mendes<\/p>\n<p><strong> <\/strong><\/p>\n<p><strong>Assessoria de imprensa: <\/strong>Roger Deff<\/p>\n<p><strong> <\/strong><\/p>\n<p><strong>Associa\u00e7\u00e3o Quilombola Marques:<\/strong> Maria Eunice de Souza Franco (presidente), Dione Marques (vice-presidente)<\/p>\n<p><strong> <\/strong><\/p>\n<p><strong>Cinema dos Quilombos: <\/strong>Cardes Mon\u00e7\u00e3o Am\u00e2ncio (coordena\u00e7\u00e3o)<\/p>\n<p><strong><br \/><\/strong><\/p>","protected":false},"excerpt":{"rendered":"<p>De 14 a 24 de julho de 2021 aconteceu a 2\u00aa Mostra Cinema dos Quilombos, que contou com exibi\u00e7\u00f5es online de filmes e quatro debates com realizadores transmitidos ao vivo. Os filmes e debates puderam ser assistidos aqui pelo nosso site e pela plataforma Todes Play.Realizar mostras de com filmes quilombolas \u00e9 uma das frentes [&hellip;]<\/p>\n","protected":false},"author":2,"featured_media":0,"parent":0,"menu_order":0,"comment_status":"closed","ping_status":"closed","template":"","meta":{"footnotes":""},"class_list":["post-165","page","type-page","status-publish","hentry"],"_links":{"self":[{"href":"https:\/\/cinemadosquilombos.com.br\/index.php\/wp-json\/wp\/v2\/pages\/165"}],"collection":[{"href":"https:\/\/cinemadosquilombos.com.br\/index.php\/wp-json\/wp\/v2\/pages"}],"about":[{"href":"https:\/\/cinemadosquilombos.com.br\/index.php\/wp-json\/wp\/v2\/types\/page"}],"author":[{"embeddable":true,"href":"https:\/\/cinemadosquilombos.com.br\/index.php\/wp-json\/wp\/v2\/users\/2"}],"replies":[{"embeddable":true,"href":"https:\/\/cinemadosquilombos.com.br\/index.php\/wp-json\/wp\/v2\/comments?post=165"}],"version-history":[{"count":1,"href":"https:\/\/cinemadosquilombos.com.br\/index.php\/wp-json\/wp\/v2\/pages\/165\/revisions"}],"predecessor-version":[{"id":304,"href":"https:\/\/cinemadosquilombos.com.br\/index.php\/wp-json\/wp\/v2\/pages\/165\/revisions\/304"}],"wp:attachment":[{"href":"https:\/\/cinemadosquilombos.com.br\/index.php\/wp-json\/wp\/v2\/media?parent=165"}],"curies":[{"name":"wp","href":"https:\/\/api.w.org\/{rel}","templated":true}]}}

2ª Mostra Cinema dos Quilombos

<figure class="wp-block-image size-large"><img decoding="async" src="https://cinemadosquilombos.files.wordpress.com/2021/07/cabeccca7alho_site_2mcq-01.jpg?w=1024" alt="" class="wp-image-176"/></figure>


<p>De 14 a 24 de julho de 2021 aconteceu a 2ª Mostra Cinema dos Quilombos, que contou com exibições online de filmes e <a href="https://cinemadosquilombos.com.br/rodas-de-conversa-online/">quatro debates</a> com realizadores transmitidos ao vivo. Os filmes e debates puderam ser assistidos aqui pelo nosso site e pela plataforma Todes Play.<br />Realizar mostras de com filmes quilombolas é uma das frentes de atuação do projeto <strong><a href="https://cinemadosquilombos.wordpress.com/cinema-dos-quilombos/">Cinema dos Quilombos</a>. </strong>A mostra foi viabilizada com recursos da Lei Aldir Blanc da Secult-MG, edital 16/2020, numa parceria da Associação Quilombola Marques e o projeto Cinema dos Quilombos.</p>
<p>Confira abaixo os filmes selecionados. Saiba mais sobre a curadoria <strong><a href="https://cinemadosquilombos.wordpress.com/2a-mostra-de-cinema-dos-quilombos/">aqui</a></strong>. A gravação dos debates pode ser vista <a href="https://cinemadosquilombos.wordpress.com/rodas-de-conversa-online/">aqui</a>.</p>
<p> </p>
<p><strong>1- Quilombo Mata Cavalo</strong><br />Direção: Jurandir Amaral / 2018 / 16’ / livre<br />Quilombo Mata Cavalo / Nossa Senhora do Livramento &#8211; MT</p>
<p>No Quilombo Mata Cavalo, quilombolas distribuídos em seis comunidades resistem para preservar seus traços culturais, manter a integração comunitária e conquistar a regularização das terras herdadas de seus ancestrais.</p>
<p>___________________________________________________________________________________________</p>
<p><strong>2- O Mundo Preto tem Mais Vida</strong><br />Direção: Sabrina Duran / 2018 / 37’ / livre<br />Quilombo de Santa Rosa dos Pretos / Itapecuru-Mirim &#8211; MA</p>
<p>A construção e ampliação da Estrada de Ferro Carajás, da BR 135, atravessa violentamente a comunidade quilombola de Santa Rosa dos Pretos Itapecuru-Mirim, no Maranhão. O Departamento Nacional de Infra-Estrutura de Transportes (DNIT) e a empresa Vale S.A. cometem severas violações contra os quilombolas. Mas a vida preta de Santa Rosa ainda resiste, à revelia do buraco branco que tudo devora sem se dar por satisfeito.</p>
<p>___________________________________________________________________________________________</p>
<p><strong>3- Cumbe &#8211; memórias quilombola</strong><br />Direção: Iorana Silva, Vivian Raqueli Silva, Nicolas Michel Silva, Jhonatan Moreira, Nicoly Silva, Antônio Martins Neto, Robert Rocha, Ednilson Oliveira, Tiana Cassiano, Amanda Nogueira, Cleomar Rocha / 2020 / 11’ / livre<br />Quilombo do Cumbe / Aracati &#8211; CE</p>
<p>Uma colcha de retalhos. Memórias de quem somos.</p>
<p>___________________________________________________________________________________________</p>
<p><strong>4- Cofo do Rampa</strong><br />Direção: Naýra Albuquerque / 2019 / 12 / livre<br />Quilombo Rampa / Vargem Grande &#8211; MA</p>
<p>O fazer do cofo de palha do Quilombo Rampa, acompanhado atentamente pelas visões de uma câmera aprendiz, gerando um cinema-aprendiz.</p>
<p>_______________________________________________________________________________________________</p>
<p><strong>5- Jacá do Quilombo</strong><br />Direção: Raimundo José e Aparecida Leite / 2020 / 11’ / livre<br />Quilombo Rampa / Vargem Grande &#8211; MA</p>
<p>O quilombola Modesto Santos de 56 anos mostrando como se faz o jacá, uma pratica ancestral que passa de geração pra geração no quilombo Rampa.</p>
<p>___________________________________________________________________________________________</p>
<p><strong>6- A Viagem de Seu Arlindo</strong><br />Direção: Sheila Altoé / 2018 / 16’ / livre<br />Quilombo de Pedra Branca / Vargem Alta &#8211; ES</p>
<p>Na comunidade Quilombola de Pedra Branca, nas montanhas capixabas, os mais velhos preservam a tradição de contar histórias para os mais jovens como a do dia em que o Seu Arlindo decide fazer uma misteriosa viagem, deixando intrigados os moradores locais.</p>
<p>___________________________________________________________________________________________</p>
<p><strong>7- O Retorno de Luzia</strong><br />Direção: Coletivo Ficcionalizar / 2019 / 10’ / livre<br />Quilombos Quixabeira e Feijão / Mirandiba &#8211; PE</p>
<p>Do centro da cidade de Mirandiba aos quilombos da Quixabeira e Feijão, a paisagem sertaneja e o Baobá, árvore ancestral de África, vão abrigar a narrativa do retorno de Luzia ao quilombo, depois da dor e superação do racismo vivido na cidade.</p>
<p>___________________________________________________________________________________________</p>
<p><strong>8- Mulher Guerreira</strong><br />Direção: Carlúcia de Melo Soares / 2015 / 12’ / livre<br />Arraias &#8211; TO</p>
<p>O filme conta a história da diretora, uma descendente quilombola que não desistiu diante das dificuldades, estudando, aprendendo a profissão de pedreira e conquistando seus sonhos.</p>
<p>___________________________________________________________________________________________</p>
<p><strong>9- Pra se contar uma história</strong><br />Direção: Elen Linth, Lucicleide Santos, Diego Jesus e Leandro Rodrigues / 2013 / 25’ / livre<br />Quilombo Santiago do Iguape / Cachoeira &#8211; BA</p>
<p>Na comunidade quilombola Santiago do Iguape, Neguinha conta uma história de resistência.</p>
<p>___________________________________________________________________________________________</p>
<p><strong>10- Senhoras do Dendê</strong><br />Direção: Auzerina Baptista e Jefferson Gonçalves Correia / 2019 / 38’ / livre<br />Quilombo Sapê do Norte / São Mateus &#8211; ES</p>
<p>As Senhoras do Dendê ocupam tradicionalmente o território quilombola do Sapê do Norte (municípios de São Mateus e Conceição da Barra-ES) há muitas gerações, mantendo e transmitindo diversos saberes e fazeres coletivos, também ocupam posições de destaque em casas de candomblé e umbanda no Sapê do Norte e na Grande Vitória. O filme registra um encontro dessas senhoras, suas trocas de saberes e de luta contra o extermínio dos dendezeiros por uma grande empresa de celulose.</p>
<p>___________________________________________________________________________________________</p>
<p><strong>11- Candombe do açude: o passado contado pelo canto. Ep. 1: Pandemia &#8211; Isolamento ou Respiro?</strong><br />Direção: Danilo Candombe / Quilombo do Açude / Jaboticatubas – MG / 2020 / 29’ / livre</p>
<p>Série de três documentários sobre o quilombo do Açude. O primeiro episódio – Pandemia: isolamento ou retiro &#8211; retrata sobre como foi o ritual do Candombe nesse momento de pandemia no ano de 2020 e mostra como a nova geração vivenciou e sentiu a manifestação de suas tradições, pela primeira vez em 20 anos sem a influência de visitantes.</p>
<p>___________________________________________________________________________________________</p>
<p><strong>12- Tambor na Mata</strong><br />Direção: Raimundo José da Silva Leite / Quilombo Rampa / Vargem Grande – MA / 2019 / 25’ / livre</p>
<p>Tambor na Mata é uma manifestação cultural realizada todos os anos no Quilombo Rampa município de Vargem Grande-MA, sempre no dia 31 de dezembro, crianças, jovens, homens e mulheres do quilombo escolhem uma parte da mata onde vão pela manhã e voltam só a tarde pra casa, passam o dia inteiro cantando e dançando tambor na mata.</p>
<p>___________________________________________________________________________________________</p>
<p><strong>13- Lealdade</strong><br />Direção: Ana Stela Cunha e Milla Negrah Avelar / Quilombo do Damásio / Guimarães – MA / 2019 / 7’ / livre</p>
<p>No Quilombo de Damásio – tal como em praticamente todo o Estado do Maranhão – a brincadeira da “dança portuguesa” faz parte dos extensos festejos juninos. Mas quando nos deparamos com esta brincadeira numa “terra de preto” (como tem sido definido pelos seus moradores este espaço, que extrapola a geografia) o estranhamento vem à tona.<br /><br />_______________________________________________________________</p>
<p><strong>Ficha Técnica da Mostra<br /><br /></strong></p>
<p><strong>Produção: </strong>Associação Quilombola Marques e Cinema dos Quilombos</p>
<p><strong> </strong></p>
<p><strong>Curadoria:</strong> Alessandra Brito, Maya Quilolo, Claudiene de S. Santos Almeida, Dione Marques, Edson Quilombola, Maria Eunice de Souza Franco, Rosinere Franco, Wiliam de Souza Franco.</p>
<p><strong> </strong></p>
<p><strong>Artes: </strong>Kenny Mendes</p>
<p><strong> </strong></p>
<p><strong>Assessoria de imprensa: </strong>Roger Deff</p>
<p><strong> </strong></p>
<p><strong>Associação Quilombola Marques:</strong> Maria Eunice de Souza Franco (presidente), Dione Marques (vice-presidente)</p>
<p><strong> </strong></p>
<p><strong>Cinema dos Quilombos: </strong>Cardes Monção Amâncio (coordenação)</p>
<p><strong><br /></strong></p>

<p>De 14 a 24 de julho de 2021 aconteceu a 2ª Mostra Cinema dos Quilombos, que contou com exibições online de filmes e quatro debates com realizadores transmitidos ao vivo. Os filmes e debates puderam ser assistidos aqui pelo nosso site e pela plataforma Todes Play.Realizar mostras de com filmes quilombolas é uma das frentes [&hellip;]</p>
