{"id":459,"date":"2025-01-09T17:55:03","date_gmt":"2025-01-09T20:55:03","guid":{"rendered":"https:\/\/cinemadosquilombos.com.br\/?page_id=459"},"modified":"2025-02-14T15:17:51","modified_gmt":"2025-02-14T18:17:51","slug":"5a-mostra-cinema-dos-quilombos","status":"publish","type":"page","link":"https:\/\/cinemadosquilombos.com.br\/index.php\/5a-mostra-cinema-dos-quilombos\/","title":{"rendered":"5\u00aa Mostra Cinema dos Quilombos"},"content":{"rendered":"\n<figure class=\"wp-block-image aligncenter size-full\"><img fetchpriority=\"high\" decoding=\"async\" width=\"596\" height=\"842\" src=\"https:\/\/cinemadosquilombos.com.br\/wp-content\/uploads\/2025\/01\/cartaz_mcdq25-a4-011.png\" alt=\"\" class=\"wp-image-460\" srcset=\"https:\/\/cinemadosquilombos.com.br\/wp-content\/uploads\/2025\/01\/cartaz_mcdq25-a4-011.png 596w, https:\/\/cinemadosquilombos.com.br\/wp-content\/uploads\/2025\/01\/cartaz_mcdq25-a4-011-212x300.png 212w\" sizes=\"(max-width: 596px) 100vw, 596px\" \/><\/figure>\n\n\n\n<p class=\"has-text-align-center\">Sesc Palladium &#8211; BH<\/p>\n\n\n\n<p class=\"has-text-align-center\">15 a 19 de janeiro de 2025<\/p>\n\n\n\n<p class=\"has-text-align-center\">Programa\u00e7\u00e3o gratuita<\/p>\n\n\n\n<p class=\"has-text-align-center\">Ingressos nos links abaixo ou na bilheteria meia hora antes das sess\u00f5es<\/p>\n\n\n\n<p><\/p>\n\n\n\n<div class=\"wp-block-columns is-layout-flex wp-container-core-columns-is-layout-1 wp-block-columns-is-layout-flex\">\n<div class=\"wp-block-column is-layout-flow wp-block-column-is-layout-flow\" style=\"flex-basis:100%\">\n<figure class=\"wp-block-pullquote\"><blockquote><p><strong>15\/1 &#8211; Quarta<\/strong><br><strong>19h30<\/strong><\/p><\/blockquote><\/figure>\n<\/div>\n<\/div>\n\n\n\n<p><a href=\"https:\/\/bileto.sympla.com.br\/event\/102189\"><strong>Retire aqui os ingressos<\/strong><\/a><\/p>\n\n\n\n<p>(Sess\u00e3o com acessibilidade &#8211; Libras)<\/p>\n\n\n\n<p><em>Ap\u00f3s a sess\u00e3o conversa com Maria de F\u00e1tima, do Quilombo dos Coelhos (Terra de Mulheres) e Marta Kalunga.<\/em><\/p>\n\n\n\n<p><strong>Terra de Mulheres<\/strong><\/p>\n\n\n\n<p>Oriane Descout \/ doc \/ 20\u2019 \/ 2022 \/&nbsp; Rio Pomba &#8211; MG<\/p>\n\n\n\n<p>Rosa e Fatinha s\u00e3o agricultoras que lutam diariamente para preservar a cultura local. Elas t\u00eam filhas da gera\u00e7\u00e3o de Oriane, jovem cineasta francesa radicada em Minas Gerais, e m\u00e3e h\u00e1 um ano. Acompanhada por Thais, estudante de agroecologia, ela procura conhecer melhor os desafios que elas enfrentam.<\/p>\n\n\n\n<p><strong>Marta Kalunga<\/strong><\/p>\n\n\n\n<p>Lucinete Morais, Marta Kalunga e Thaynara Rezende \u2013 Cavalcante-GO \/ etnofic\u00e7\u00e3o \/ 30\u2019 \/ 2022<\/p>\n\n\n\n<p>Conduzidos pelo corpo\/territ\u00f3rio de Marta, vamos de encontro com sua hist\u00f3ria, sua busca pela valoriza\u00e7\u00e3o da mem\u00f3ria e preserva\u00e7\u00e3o da cultura Kalunga, entremeadas por seu tear e dan\u00e7a da Sussa.<\/p>\n\n\n\n<div class=\"wp-block-columns is-layout-flex wp-container-core-columns-is-layout-3 wp-block-columns-is-layout-flex\">\n<div class=\"wp-block-column is-layout-flow wp-block-column-is-layout-flow\" style=\"flex-basis:100%\">\n<div class=\"wp-block-columns is-layout-flex wp-container-core-columns-is-layout-2 wp-block-columns-is-layout-flex\">\n<div class=\"wp-block-column is-layout-flow wp-block-column-is-layout-flow\" style=\"flex-basis:100%\">\n<figure class=\"wp-block-pullquote\"><blockquote><p><strong>16\/1 &#8211; Quinta<\/strong><br><strong>19h30<\/strong><\/p><\/blockquote><\/figure>\n<\/div>\n<\/div>\n<\/div>\n<\/div>\n\n\n\n<p><strong><a href=\"https:\/\/bileto.sympla.com.br\/event\/102190\">Retire aqui os ingressos<\/a><\/strong><\/p>\n\n\n\n<p><em>Ap\u00f3s a sess\u00e3o conversa com Adilson Batista (Camorim), Adan Pereira(Quilombo Sapat\u00fa), Cristina Pereira dos Santos e Juliana Gomes do Nascimento (ambas do Quilombo do Linharinho)<\/em><\/p>\n\n\n\n<p><strong>Camorim<\/strong><\/p>\n\n\n\n<p>Renan Barbosa Brand\u00e3o \/ doc \/ 17\u2019 \/ 2023 \/ Rio de Janeiro &#8211; RJ<\/p>\n\n\n\n<p>Camorim \u00e9 um quilombo urbano localizado pr\u00f3ximo a Barra da Tijuca, um bairro de classe media alta do Rio de Janeiro. O filme \u00e9 constru\u00eddo a partir do olhar de 4 quilombolas que revelam seus desejos, mem\u00f3rias e descobertas importantes sobre o local em que vivem e resistem.<\/p>\n\n\n\n<p><strong>Do Quilombo pra Favela &#8211; Alimento para a resist\u00eancia negra<\/strong><\/p>\n\n\n\n<p>Manoela Meyer e Roberto Almeida \/ doc \/ 22\u2019 \/ 2022 \/ S\u00e3o Paulo &#8211; SP<\/p>\n\n\n\n<p>No Vale do Ribeira, sudeste de S\u00e3o Paulo, uma cooperativa de agricultoras e agricultores quilombolas uniu esfor\u00e7os para minimizar o impacto da pandemia da Covid-19. Por gera\u00e7\u00e3o de renda e seguran\u00e7a alimentar, eles elaboraram um plano emergencial para distribuir em comunidades vulner\u00e1veis alimentos org\u00e2nicos produzidos em suas ro\u00e7as tradicionais, que mant\u00eam a Mata Atl\u00e2ntica em p\u00e9. Assim, quilombo e favela, que pareciam distantes, tornaram-se parceiros de lutas semelhantes.<\/p>\n\n\n\n<p><strong>Sonhos<\/strong><\/p>\n\n\n\n<p>Moradores do Quilombo de Linharinho e equipe IMA \/ doc \/ 30\u2019 \/ 2024 \/ Concei\u00e7\u00e3o da Barra ES<\/p>\n\n\n\n<p>Aviso, premoni\u00e7\u00e3o, express\u00e3o do inconsciente?<\/p>\n\n\n\n<p>Na comunidade de Linharinho, um grupo de mulheres e crian\u00e7as compartilhou e recriou os seus sonhos em imagens e sons.<\/p>\n\n\n\n<p>Filme realizado a partir de uma oficina do projeto Cinequilombola do Instituto Marlin Azul (IMA)<\/p>\n\n\n\n<p><strong>Comadres<\/strong><\/p>\n\n\n\n<p>Cristina Pereira dos Santos e Juliana Gomes do Nascimento&nbsp; \/ doc \/ 11\u2019 \/ 2024 \/ Concei\u00e7\u00e3o da Barra &#8211; ES<\/p>\n\n\n\n<p>No quilombo do Linharinho, duas netas interpretam uma cena de despedida vivida por suas av\u00f3s. Filme realizado a partir de oficina do projeto Cine Quilombola, do Instituto Marlin Azul.<\/p>\n\n\n\n<div class=\"wp-block-group has-global-padding is-layout-constrained wp-block-group-is-layout-constrained\">\n<div class=\"wp-block-columns is-layout-flex wp-container-core-columns-is-layout-4 wp-block-columns-is-layout-flex\">\n<div class=\"wp-block-column is-layout-flow wp-block-column-is-layout-flow\" style=\"flex-basis:100%\">\n<figure class=\"wp-block-pullquote\"><blockquote><p> <strong>17\/1 &#8211; Sexta<\/strong><br><strong>19h30<\/strong><\/p><\/blockquote><\/figure>\n<\/div>\n<\/div>\n<\/div>\n\n\n\n<p><strong><a href=\"https:\/\/bileto.sympla.com.br\/event\/102191\">Retire aqui os ingressos<\/a><\/strong><\/p>\n\n\n\n<p><em>Ap\u00f3s a sess\u00e3o conversa com Marta kalunga<\/em><\/p>\n\n\n\n<p><strong>M\u00e1tria Amada Kalunga<\/strong><\/p>\n\n\n\n<p>Brasil (GO), 2022, Document\u00e1rio, 70\u2032<\/p>\n\n\n\n<p>Dire\u00e7\u00e3o: Lak Shamra, Thassio Freire<\/p>\n\n\n\n<p>Ap\u00f3s a calamidade p\u00fablica da enchente do Rio Paran\u00e3 de 2022, 27 mulheres kalunga de Goi\u00e1s compartilham suas origens e seus cotidianos atuais.<\/p>\n\n\n\n<div class=\"wp-block-columns is-layout-flex wp-container-core-columns-is-layout-5 wp-block-columns-is-layout-flex\">\n<div class=\"wp-block-column is-layout-flow wp-block-column-is-layout-flow\" style=\"flex-basis:100%\">\n<figure class=\"wp-block-pullquote\"><blockquote><p><strong>18\/1 &#8211; S\u00e1bado<\/strong><br><strong>19h30<\/strong><\/p><\/blockquote><\/figure>\n<\/div>\n<\/div>\n\n\n\n<p><strong><a href=\"https:\/\/bileto.sympla.com.br\/event\/102192\">Retire aqui os ingressos<\/a><\/strong><\/p>\n\n\n\n<p>Sess\u00e3o com acessibilidade &#8211; Libras<\/p>\n\n\n\n<p><em>Ap\u00f3s a sess\u00e3o conversa com Danilo Candombe (Quilombo do A\u00e7ude) e Mariana Luiza (Casca de Baob\u00e1)<\/em><\/p>\n\n\n\n<p><strong>Tita<\/strong><\/p>\n\n\n\n<p>Danilo Candombe \/ doc \/ 29\u2019 \/ 2024 \/ Quilombo do A\u00e7ude &#8211; MG<\/p>\n\n\n\n<p>O filme retrata a vida e o legado de Maria Greg\u00f3rio Ventura, que completa 100 anos de idade. Dona Tita \u00e9 moradora do Quilombo Morro do Santo Ant\u00f4nio (Itabira). Assim, o document\u00e1rio mergulha na hist\u00f3ria dela e destacando sua contribui\u00e7\u00e3o para a preserva\u00e7\u00e3o das tradi\u00e7\u00f5es quilombolas.<\/p>\n\n\n\n<p><strong>Casca de Baob<\/strong>\u00e1<\/p>\n\n\n\n<p>Mariana Luiza \/ fic\u00e7\u00e3o \/ 12\u2019 \/ 2017 \/ Quissam\u00e3 &#8211; RJ<\/p>\n\n\n\n<p>Maria, uma jovem negra nascida em um quilombo no interior do estado, \u00e9 cotista na Universidade Federal do Rio de Janeiro. Sua m\u00e3e, Francisca, leva a vida cortando cana nas proximidades do quilombo. As duas trocam mensagens para matar a saudade e refletir sobre o fim de uma era econ\u00f4mica-social.<\/p>\n\n\n\n<div class=\"wp-block-columns is-layout-flex wp-container-core-columns-is-layout-6 wp-block-columns-is-layout-flex\">\n<div class=\"wp-block-column is-layout-flow wp-block-column-is-layout-flow\" style=\"flex-basis:100%\">\n<div class=\"wp-block-group has-global-padding is-layout-constrained wp-block-group-is-layout-constrained\">\n<figure class=\"wp-block-pullquote\"><blockquote><p><br><strong>19\/1<\/strong> &#8211; <strong>Domingo<\/strong><br><strong>19h30<\/strong><\/p><\/blockquote><\/figure>\n<\/div>\n<\/div>\n<\/div>\n\n\n\n<p><strong><a href=\"https:\/\/bileto.sympla.com.br\/event\/102188\">Retire aqui os ingressos<\/a><\/strong><\/p>\n\n\n\n<p><em>Ap\u00f3s a sess\u00e3o, conversa conversa com Maria Goreth Costa (Quilombo dos Arturos), Ant\u00f4nio Eust\u00e1quio da Silva (Arturos) e Sandra Maria da Silva (Quilombo Carrapatos da Tabatinga).<\/em><\/p>\n\n\n\n<p><strong>Nicolinas<\/strong><\/p>\n\n\n\n<p>Thathiele Monic Estevao e Uriel Silva \/ doc \/ 27\u2019 \/ 2022 \/ Mariana &#8211; MG<\/p>\n\n\n\n<p>No interior de Minas Gerais, mulheres do Quilombo Vila Santa Efig\u00eania contam como a dan\u00e7a mudou suas vidas ap\u00f3s fundarem juntas o Grupo de Dan\u00e7a Quilombola Nicolinas.<\/p>\n\n\n\n<p><strong>Dandaras: A For\u00e7a da Mulher Quilombola&nbsp;<\/strong><\/p>\n\n\n\n<p>Ana Carolina Fernandes \/ doc \/ 30\u2019 \/ 2015 \/ Mariana &#8211; MG<\/p>\n\n\n\n<p>Dandaras &#8211; a for\u00e7a da mulher quilombola \u00e9 um curta que tem o objetivo de apresentar as trajet\u00f3rias e o engajamento de mulheres quilombolas que atuam como lideran\u00e7as pol\u00edticas de suas comunidades e do movimento quilombola como um todo.<\/p>\n","protected":false},"excerpt":{"rendered":"<p>Sesc Palladium &#8211; BH 15 a 19 de janeiro de 2025 Programa\u00e7\u00e3o gratuita Ingressos nos links abaixo ou na bilheteria meia hora antes das sess\u00f5es 15\/1 &#8211; Quarta19h30 Retire aqui os ingressos (Sess\u00e3o com acessibilidade &#8211; Libras) Ap\u00f3s a sess\u00e3o conversa com Maria de F\u00e1tima, do Quilombo dos Coelhos (Terra de Mulheres) e Marta Kalunga. [&hellip;]<\/p>\n","protected":false},"author":1,"featured_media":0,"parent":0,"menu_order":0,"comment_status":"closed","ping_status":"closed","template":"","meta":{"footnotes":""},"class_list":["post-459","page","type-page","status-publish","hentry"],"_links":{"self":[{"href":"https:\/\/cinemadosquilombos.com.br\/index.php\/wp-json\/wp\/v2\/pages\/459"}],"collection":[{"href":"https:\/\/cinemadosquilombos.com.br\/index.php\/wp-json\/wp\/v2\/pages"}],"about":[{"href":"https:\/\/cinemadosquilombos.com.br\/index.php\/wp-json\/wp\/v2\/types\/page"}],"author":[{"embeddable":true,"href":"https:\/\/cinemadosquilombos.com.br\/index.php\/wp-json\/wp\/v2\/users\/1"}],"replies":[{"embeddable":true,"href":"https:\/\/cinemadosquilombos.com.br\/index.php\/wp-json\/wp\/v2\/comments?post=459"}],"version-history":[{"count":8,"href":"https:\/\/cinemadosquilombos.com.br\/index.php\/wp-json\/wp\/v2\/pages\/459\/revisions"}],"predecessor-version":[{"id":472,"href":"https:\/\/cinemadosquilombos.com.br\/index.php\/wp-json\/wp\/v2\/pages\/459\/revisions\/472"}],"wp:attachment":[{"href":"https:\/\/cinemadosquilombos.com.br\/index.php\/wp-json\/wp\/v2\/media?parent=459"}],"curies":[{"name":"wp","href":"https:\/\/api.w.org\/{rel}","templated":true}]}}

5ª Mostra Cinema dos Quilombos

<figure class="wp-block-image aligncenter size-full"><img fetchpriority="high" decoding="async" width="596" height="842" src="https://cinemadosquilombos.com.br/wp-content/uploads/2025/01/cartaz_mcdq25-a4-011.png" alt="" class="wp-image-460" srcset="https://cinemadosquilombos.com.br/wp-content/uploads/2025/01/cartaz_mcdq25-a4-011.png 596w, https://cinemadosquilombos.com.br/wp-content/uploads/2025/01/cartaz_mcdq25-a4-011-212x300.png 212w" sizes="(max-width: 596px) 100vw, 596px" /></figure>



<p class="has-text-align-center">Sesc Palladium &#8211; BH</p>



<p class="has-text-align-center">15 a 19 de janeiro de 2025</p>



<p class="has-text-align-center">Programação gratuita</p>



<p class="has-text-align-center">Ingressos nos links abaixo ou na bilheteria meia hora antes das sessões</p>



<p></p>



<div class="wp-block-columns is-layout-flex wp-container-core-columns-is-layout-1 wp-block-columns-is-layout-flex">
<div class="wp-block-column is-layout-flow wp-block-column-is-layout-flow" style="flex-basis:100%">
<figure class="wp-block-pullquote"><blockquote><p><strong>15/1 &#8211; Quarta</strong><br><strong>19h30</strong></p></blockquote></figure>
</div>
</div>



<p><a href="https://bileto.sympla.com.br/event/102189"><strong>Retire aqui os ingressos</strong></a></p>



<p>(Sessão com acessibilidade &#8211; Libras)</p>



<p><em>Após a sessão conversa com Maria de Fátima, do Quilombo dos Coelhos (Terra de Mulheres) e Marta Kalunga.</em></p>



<p><strong>Terra de Mulheres</strong></p>



<p>Oriane Descout / doc / 20’ / 2022 /&nbsp; Rio Pomba &#8211; MG</p>



<p>Rosa e Fatinha são agricultoras que lutam diariamente para preservar a cultura local. Elas têm filhas da geração de Oriane, jovem cineasta francesa radicada em Minas Gerais, e mãe há um ano. Acompanhada por Thais, estudante de agroecologia, ela procura conhecer melhor os desafios que elas enfrentam.</p>



<p><strong>Marta Kalunga</strong></p>



<p>Lucinete Morais, Marta Kalunga e Thaynara Rezende – Cavalcante-GO / etnoficção / 30’ / 2022</p>



<p>Conduzidos pelo corpo/território de Marta, vamos de encontro com sua história, sua busca pela valorização da memória e preservação da cultura Kalunga, entremeadas por seu tear e dança da Sussa.</p>



<div class="wp-block-columns is-layout-flex wp-container-core-columns-is-layout-3 wp-block-columns-is-layout-flex">
<div class="wp-block-column is-layout-flow wp-block-column-is-layout-flow" style="flex-basis:100%">
<div class="wp-block-columns is-layout-flex wp-container-core-columns-is-layout-2 wp-block-columns-is-layout-flex">
<div class="wp-block-column is-layout-flow wp-block-column-is-layout-flow" style="flex-basis:100%">
<figure class="wp-block-pullquote"><blockquote><p><strong>16/1 &#8211; Quinta</strong><br><strong>19h30</strong></p></blockquote></figure>
</div>
</div>
</div>
</div>



<p><strong><a href="https://bileto.sympla.com.br/event/102190">Retire aqui os ingressos</a></strong></p>



<p><em>Após a sessão conversa com Adilson Batista (Camorim), Adan Pereira(Quilombo Sapatú), Cristina Pereira dos Santos e Juliana Gomes do Nascimento (ambas do Quilombo do Linharinho)</em></p>



<p><strong>Camorim</strong></p>



<p>Renan Barbosa Brandão / doc / 17’ / 2023 / Rio de Janeiro &#8211; RJ</p>



<p>Camorim é um quilombo urbano localizado próximo a Barra da Tijuca, um bairro de classe media alta do Rio de Janeiro. O filme é construído a partir do olhar de 4 quilombolas que revelam seus desejos, memórias e descobertas importantes sobre o local em que vivem e resistem.</p>



<p><strong>Do Quilombo pra Favela &#8211; Alimento para a resistência negra</strong></p>



<p>Manoela Meyer e Roberto Almeida / doc / 22’ / 2022 / São Paulo &#8211; SP</p>



<p>No Vale do Ribeira, sudeste de São Paulo, uma cooperativa de agricultoras e agricultores quilombolas uniu esforços para minimizar o impacto da pandemia da Covid-19. Por geração de renda e segurança alimentar, eles elaboraram um plano emergencial para distribuir em comunidades vulneráveis alimentos orgânicos produzidos em suas roças tradicionais, que mantêm a Mata Atlântica em pé. Assim, quilombo e favela, que pareciam distantes, tornaram-se parceiros de lutas semelhantes.</p>



<p><strong>Sonhos</strong></p>



<p>Moradores do Quilombo de Linharinho e equipe IMA / doc / 30’ / 2024 / Conceição da Barra ES</p>



<p>Aviso, premonição, expressão do inconsciente?</p>



<p>Na comunidade de Linharinho, um grupo de mulheres e crianças compartilhou e recriou os seus sonhos em imagens e sons.</p>



<p>Filme realizado a partir de uma oficina do projeto Cinequilombola do Instituto Marlin Azul (IMA)</p>



<p><strong>Comadres</strong></p>



<p>Cristina Pereira dos Santos e Juliana Gomes do Nascimento&nbsp; / doc / 11’ / 2024 / Conceição da Barra &#8211; ES</p>



<p>No quilombo do Linharinho, duas netas interpretam uma cena de despedida vivida por suas avós. Filme realizado a partir de oficina do projeto Cine Quilombola, do Instituto Marlin Azul.</p>



<div class="wp-block-group has-global-padding is-layout-constrained wp-block-group-is-layout-constrained">
<div class="wp-block-columns is-layout-flex wp-container-core-columns-is-layout-4 wp-block-columns-is-layout-flex">
<div class="wp-block-column is-layout-flow wp-block-column-is-layout-flow" style="flex-basis:100%">
<figure class="wp-block-pullquote"><blockquote><p> <strong>17/1 &#8211; Sexta</strong><br><strong>19h30</strong></p></blockquote></figure>
</div>
</div>
</div>



<p><strong><a href="https://bileto.sympla.com.br/event/102191">Retire aqui os ingressos</a></strong></p>



<p><em>Após a sessão conversa com Marta kalunga</em></p>



<p><strong>Mátria Amada Kalunga</strong></p>



<p>Brasil (GO), 2022, Documentário, 70′</p>



<p>Direção: Lak Shamra, Thassio Freire</p>



<p>Após a calamidade pública da enchente do Rio Paranã de 2022, 27 mulheres kalunga de Goiás compartilham suas origens e seus cotidianos atuais.</p>



<div class="wp-block-columns is-layout-flex wp-container-core-columns-is-layout-5 wp-block-columns-is-layout-flex">
<div class="wp-block-column is-layout-flow wp-block-column-is-layout-flow" style="flex-basis:100%">
<figure class="wp-block-pullquote"><blockquote><p><strong>18/1 &#8211; Sábado</strong><br><strong>19h30</strong></p></blockquote></figure>
</div>
</div>



<p><strong><a href="https://bileto.sympla.com.br/event/102192">Retire aqui os ingressos</a></strong></p>



<p>Sessão com acessibilidade &#8211; Libras</p>



<p><em>Após a sessão conversa com Danilo Candombe (Quilombo do Açude) e Mariana Luiza (Casca de Baobá)</em></p>



<p><strong>Tita</strong></p>



<p>Danilo Candombe / doc / 29’ / 2024 / Quilombo do Açude &#8211; MG</p>



<p>O filme retrata a vida e o legado de Maria Gregório Ventura, que completa 100 anos de idade. Dona Tita é moradora do Quilombo Morro do Santo Antônio (Itabira). Assim, o documentário mergulha na história dela e destacando sua contribuição para a preservação das tradições quilombolas.</p>



<p><strong>Casca de Baob</strong>á</p>



<p>Mariana Luiza / ficção / 12’ / 2017 / Quissamã &#8211; RJ</p>



<p>Maria, uma jovem negra nascida em um quilombo no interior do estado, é cotista na Universidade Federal do Rio de Janeiro. Sua mãe, Francisca, leva a vida cortando cana nas proximidades do quilombo. As duas trocam mensagens para matar a saudade e refletir sobre o fim de uma era econômica-social.</p>



<div class="wp-block-columns is-layout-flex wp-container-core-columns-is-layout-6 wp-block-columns-is-layout-flex">
<div class="wp-block-column is-layout-flow wp-block-column-is-layout-flow" style="flex-basis:100%">
<div class="wp-block-group has-global-padding is-layout-constrained wp-block-group-is-layout-constrained">
<figure class="wp-block-pullquote"><blockquote><p><br><strong>19/1</strong> &#8211; <strong>Domingo</strong><br><strong>19h30</strong></p></blockquote></figure>
</div>
</div>
</div>



<p><strong><a href="https://bileto.sympla.com.br/event/102188">Retire aqui os ingressos</a></strong></p>



<p><em>Após a sessão, conversa conversa com Maria Goreth Costa (Quilombo dos Arturos), Antônio Eustáquio da Silva (Arturos) e Sandra Maria da Silva (Quilombo Carrapatos da Tabatinga).</em></p>



<p><strong>Nicolinas</strong></p>



<p>Thathiele Monic Estevao e Uriel Silva / doc / 27’ / 2022 / Mariana &#8211; MG</p>



<p>No interior de Minas Gerais, mulheres do Quilombo Vila Santa Efigênia contam como a dança mudou suas vidas após fundarem juntas o Grupo de Dança Quilombola Nicolinas.</p>



<p><strong>Dandaras: A Força da Mulher Quilombola&nbsp;</strong></p>



<p>Ana Carolina Fernandes / doc / 30’ / 2015 / Mariana &#8211; MG</p>



<p>Dandaras &#8211; a força da mulher quilombola é um curta que tem o objetivo de apresentar as trajetórias e o engajamento de mulheres quilombolas que atuam como lideranças políticas de suas comunidades e do movimento quilombola como um todo.</p>

<p>Sesc Palladium &#8211; BH 15 a 19 de janeiro de 2025 Programação gratuita Ingressos nos links abaixo ou na bilheteria meia hora antes das sessões 15/1 &#8211; Quarta19h30 Retire aqui os ingressos (Sessão com acessibilidade &#8211; Libras) Após a sessão conversa com Maria de Fátima, do Quilombo dos Coelhos (Terra de Mulheres) e Marta Kalunga. [&hellip;]</p>
