{"id":508,"date":"2025-04-13T16:11:08","date_gmt":"2025-04-13T19:11:08","guid":{"rendered":"https:\/\/cinemadosquilombos.com.br\/?page_id=508"},"modified":"2025-04-25T10:26:59","modified_gmt":"2025-04-25T13:26:59","slug":"508-2","status":"publish","type":"page","link":"https:\/\/cinemadosquilombos.com.br\/index.php\/508-2\/","title":{"rendered":"25\/4 | sexta-feira | 19h30\u00a0"},"content":{"rendered":"\n<p><em>Retire seu  <a href=\"https:\/\/bileto.sympla.com.br\/event\/104796\/d\/311583\/s\/2122502\" target=\"_blank\" rel=\"noreferrer noopener\">ingresso aqui<\/a> ou na bilheteria do cinema meia hora antes da sess\u00e3o.<\/em><\/p>\n\n\n\n<p><\/p>\n\n\n\n<p><strong>A nossa festa j\u00e1 vai come\u00e7ar&nbsp;<\/strong><\/p>\n\n\n\n<p>Dir.: Cadu Marques, doc., 14\u2019, 2024, Santa Rita\/MA<\/p>\n\n\n\n<figure class=\"wp-block-image size-large\"><img fetchpriority=\"high\" decoding=\"async\" width=\"819\" height=\"1024\" src=\"https:\/\/cinemadosquilombos.com.br\/wp-content\/uploads\/2025\/04\/Copia-de-EVATISTO_P3-819x1024.png\" alt=\"\" class=\"wp-image-515\" srcset=\"https:\/\/cinemadosquilombos.com.br\/wp-content\/uploads\/2025\/04\/Copia-de-EVATISTO_P3-819x1024.png 819w, https:\/\/cinemadosquilombos.com.br\/wp-content\/uploads\/2025\/04\/Copia-de-EVATISTO_P3-240x300.png 240w, https:\/\/cinemadosquilombos.com.br\/wp-content\/uploads\/2025\/04\/Copia-de-EVATISTO_P3-768x960.png 768w, https:\/\/cinemadosquilombos.com.br\/wp-content\/uploads\/2025\/04\/Copia-de-EVATISTO_P3.png 1080w\" sizes=\"(max-width: 819px) 100vw, 819px\" \/><\/figure>\n\n\n\n<p>Sempre atenta, Tia Ant\u00f4nia observa e memoriza por d\u00e9cadas a dan\u00e7a de gente, carros e m\u00e1quinas cruzando a BR 135. Rodovia que liga o quilombo Centro dos Violas &#8211; lugar onde nascemos &#8211; ao quilombo F\u00e9 em Deus, ambos povoados de Santa Rita (MA). Migra\u00e7\u00f5es e encontros demarcam o contexto de forma\u00e7\u00e3o das nossas comunidades, e \u00e9 na festa onde tudo se cruza e se faz coletivo. Tambores anunciam um presente poss\u00edvel de perman\u00eancia e sossego.<\/p>\n\n\n\n<p>Assista:<\/p>\n\n\n\n<figure class=\"wp-block-embed is-type-video is-provider-youtube wp-block-embed-youtube wp-embed-aspect-16-9 wp-has-aspect-ratio\"><div class=\"wp-block-embed__wrapper\">\n<iframe title=\"Nossa festa j\u00e1 vai come\u00e7ar\" width=\"500\" height=\"281\" src=\"https:\/\/www.youtube.com\/embed\/thpiQ3Lurhw?feature=oembed\" frameborder=\"0\" allow=\"accelerometer; autoplay; clipboard-write; encrypted-media; gyroscope; picture-in-picture; web-share\" referrerpolicy=\"strict-origin-when-cross-origin\" allowfullscreen><\/iframe>\n<\/div><\/figure>\n\n\n\n<p class=\"has-text-align-center\">_____________________________<\/p>\n\n\n\n<p><strong>A S\u00fassia<\/strong><\/p>\n\n\n\n<p>Dir.: Lucr\u00e9cia Dias, doc. 17\u2019, 2018, Quilombo Lagoa da Pedra &#8211; Arraias\/TO<\/p>\n\n\n\n<figure class=\"wp-block-image size-full\"><img decoding=\"async\" width=\"1024\" height=\"683\" src=\"https:\/\/cinemadosquilombos.com.br\/wp-content\/uploads\/2025\/04\/WhatsApp-Image-2025-04-08-at-13.02.39.jpeg\" alt=\"\" class=\"wp-image-516\" srcset=\"https:\/\/cinemadosquilombos.com.br\/wp-content\/uploads\/2025\/04\/WhatsApp-Image-2025-04-08-at-13.02.39.jpeg 1024w, https:\/\/cinemadosquilombos.com.br\/wp-content\/uploads\/2025\/04\/WhatsApp-Image-2025-04-08-at-13.02.39-300x200.jpeg 300w, https:\/\/cinemadosquilombos.com.br\/wp-content\/uploads\/2025\/04\/WhatsApp-Image-2025-04-08-at-13.02.39-768x512.jpeg 768w\" sizes=\"(max-width: 1024px) 100vw, 1024px\" \/><\/figure>\n\n\n\n<p>A s\u00fassia \u00e9 uma tradi\u00e7\u00e3o no sudoeste do Tocantins e o document\u00e1rio se passa na comunidade quilombola Lagoa da Pedra, onde a dan\u00e7a \u00e9 uma das principais manifesta\u00e7\u00f5es culturais.&nbsp;<\/p>\n\n\n\n<p>Assista:<\/p>\n\n\n\n<figure class=\"wp-block-embed is-type-video is-provider-youtube wp-block-embed-youtube wp-embed-aspect-16-9 wp-has-aspect-ratio\"><div class=\"wp-block-embed__wrapper\">\n<iframe title=\"A S\u00fassia\" width=\"500\" height=\"281\" src=\"https:\/\/www.youtube.com\/embed\/6_lwzhzkXsY?feature=oembed\" frameborder=\"0\" allow=\"accelerometer; autoplay; clipboard-write; encrypted-media; gyroscope; picture-in-picture; web-share\" referrerpolicy=\"strict-origin-when-cross-origin\" allowfullscreen><\/iframe>\n<\/div><\/figure>\n\n\n\n<p class=\"has-text-align-center\">_____________________________<\/p>\n\n\n\n<p><strong>O Velhas<\/strong><\/p>\n\n\n\n<p>Dir.: Altiere Leal, doc., 20\u2019, 2024, Quilombo Tira Barro &#8211; Lassance\/MG<\/p>\n\n\n\n<figure class=\"wp-block-image size-large\"><img decoding=\"async\" width=\"1024\" height=\"576\" src=\"https:\/\/cinemadosquilombos.com.br\/wp-content\/uploads\/2025\/04\/O_Velhas_Still_14_Altiere_Leal-1024x576.jpg\" alt=\"\" class=\"wp-image-517\" srcset=\"https:\/\/cinemadosquilombos.com.br\/wp-content\/uploads\/2025\/04\/O_Velhas_Still_14_Altiere_Leal-1024x576.jpg 1024w, https:\/\/cinemadosquilombos.com.br\/wp-content\/uploads\/2025\/04\/O_Velhas_Still_14_Altiere_Leal-300x169.jpg 300w, https:\/\/cinemadosquilombos.com.br\/wp-content\/uploads\/2025\/04\/O_Velhas_Still_14_Altiere_Leal-768x432.jpg 768w, https:\/\/cinemadosquilombos.com.br\/wp-content\/uploads\/2025\/04\/O_Velhas_Still_14_Altiere_Leal-1536x864.jpg 1536w, https:\/\/cinemadosquilombos.com.br\/wp-content\/uploads\/2025\/04\/O_Velhas_Still_14_Altiere_Leal.jpg 1920w\" sizes=\"(max-width: 1024px) 100vw, 1024px\" \/><\/figure>\n\n\n\n<p>Um mergulho nas hist\u00f3rias de vida, nas tradi\u00e7\u00f5es culturais e nas lendas que permeiam o cotidiano dos ribeirinhos do Rio das Velhas.<\/p>\n\n\n\n<p>Assista:<\/p>\n\n\n\n<figure class=\"wp-block-embed is-type-video is-provider-youtube wp-block-embed-youtube wp-embed-aspect-16-9 wp-has-aspect-ratio\"><div class=\"wp-block-embed__wrapper\">\n<iframe title=\"O Velhas\" width=\"500\" height=\"281\" src=\"https:\/\/www.youtube.com\/embed\/3lkRVlbZzqE?feature=oembed\" frameborder=\"0\" allow=\"accelerometer; autoplay; clipboard-write; encrypted-media; gyroscope; picture-in-picture; web-share\" referrerpolicy=\"strict-origin-when-cross-origin\" allowfullscreen><\/iframe>\n<\/div><\/figure>\n\n\n\n<p class=\"has-text-align-center\">_____________________________<\/p>\n\n\n\n<p><strong>OURO &#8211; Uma Produ\u00e7\u00e3o \u00c1rdua e Desvalorizada<\/strong><\/p>\n\n\n\n<p>Dir.: Cadu Marques, doc., 10\u2019, 2020, Quilombo Povoado Pedreiras &#8211; Santa Rita\/MA<\/p>\n\n\n\n<figure class=\"wp-block-image size-large\"><img loading=\"lazy\" decoding=\"async\" width=\"1024\" height=\"594\" src=\"https:\/\/cinemadosquilombos.com.br\/wp-content\/uploads\/2025\/04\/Ouro-2-1-1024x594.png\" alt=\"\" class=\"wp-image-566\" srcset=\"https:\/\/cinemadosquilombos.com.br\/wp-content\/uploads\/2025\/04\/Ouro-2-1-1024x594.png 1024w, https:\/\/cinemadosquilombos.com.br\/wp-content\/uploads\/2025\/04\/Ouro-2-1-300x174.png 300w, https:\/\/cinemadosquilombos.com.br\/wp-content\/uploads\/2025\/04\/Ouro-2-1-768x446.png 768w, https:\/\/cinemadosquilombos.com.br\/wp-content\/uploads\/2025\/04\/Ouro-2-1.png 1080w\" sizes=\"(max-width: 1024px) 100vw, 1024px\" \/><\/figure>\n\n\n\n<p><\/p>\n\n\n\n<p>OURO &#8211; Uma Produ\u00e7\u00e3o \u00c1rdua e Desvaloriza fala sobre colheita, produ\u00e7\u00e3o e uma n\u00e3o valoriza\u00e7\u00e3o social. Sobre a vida cotidiana de um povoado quilombola do interior do Maranh\u00e3o. Pedreiras, em Santa Rita, \u00e9 terra de preto que acorda cedo para ir a ro\u00e7a. Planta, cultiva, e arranca a mandioca para fazer o ouro que vai para mesa, para nossa mesa. J\u00e1 se perguntou se o valor pago por voc\u00ea, \u00e9 suficiente para a sobreviv\u00eancia dos produtores de farinha?<\/p>\n\n\n\n<p>Assista:<\/p>\n\n\n\n<figure class=\"wp-block-embed is-type-video is-provider-youtube wp-block-embed-youtube wp-embed-aspect-16-9 wp-has-aspect-ratio\"><div class=\"wp-block-embed__wrapper\">\n<iframe title=\"OURO - Uma Produc\u0327a\u0303o A\u0301rdua e Desvaloriza\" width=\"500\" height=\"281\" src=\"https:\/\/www.youtube.com\/embed\/wj0md1YHRhU?feature=oembed\" frameborder=\"0\" allow=\"accelerometer; autoplay; clipboard-write; encrypted-media; gyroscope; picture-in-picture; web-share\" referrerpolicy=\"strict-origin-when-cross-origin\" allowfullscreen><\/iframe>\n<\/div><\/figure>\n\n\n\n<p><strong>Debate:<\/strong><\/p>\n\n\n\n<p>Altiere Leal e Cadu Marques.<\/p>\n\n\n\n<p>Media\u00e7\u00e3o: Alessandra Brito (curadora da mostra)<\/p>\n\n\n\n<p><\/p>\n","protected":false},"excerpt":{"rendered":"<p>Retire seu ingresso aqui ou na bilheteria do cinema meia hora antes da sess\u00e3o. A nossa festa j\u00e1 vai come\u00e7ar&nbsp; Dir.: Cadu Marques, doc., 14\u2019, 2024, Santa Rita\/MA Sempre atenta, Tia Ant\u00f4nia observa e memoriza por d\u00e9cadas a dan\u00e7a de gente, carros e m\u00e1quinas cruzando a BR 135. Rodovia que liga o quilombo Centro dos [&hellip;]<\/p>\n","protected":false},"author":1,"featured_media":0,"parent":0,"menu_order":0,"comment_status":"closed","ping_status":"closed","template":"","meta":{"footnotes":""},"class_list":["post-508","page","type-page","status-publish","hentry"],"_links":{"self":[{"href":"https:\/\/cinemadosquilombos.com.br\/index.php\/wp-json\/wp\/v2\/pages\/508"}],"collection":[{"href":"https:\/\/cinemadosquilombos.com.br\/index.php\/wp-json\/wp\/v2\/pages"}],"about":[{"href":"https:\/\/cinemadosquilombos.com.br\/index.php\/wp-json\/wp\/v2\/types\/page"}],"author":[{"embeddable":true,"href":"https:\/\/cinemadosquilombos.com.br\/index.php\/wp-json\/wp\/v2\/users\/1"}],"replies":[{"embeddable":true,"href":"https:\/\/cinemadosquilombos.com.br\/index.php\/wp-json\/wp\/v2\/comments?post=508"}],"version-history":[{"count":11,"href":"https:\/\/cinemadosquilombos.com.br\/index.php\/wp-json\/wp\/v2\/pages\/508\/revisions"}],"predecessor-version":[{"id":628,"href":"https:\/\/cinemadosquilombos.com.br\/index.php\/wp-json\/wp\/v2\/pages\/508\/revisions\/628"}],"wp:attachment":[{"href":"https:\/\/cinemadosquilombos.com.br\/index.php\/wp-json\/wp\/v2\/media?parent=508"}],"curies":[{"name":"wp","href":"https:\/\/api.w.org\/{rel}","templated":true}]}}

<p><em>Retire seu  <a href="https://bileto.sympla.com.br/event/104796/d/311583/s/2122502" target="_blank" rel="noreferrer noopener">ingresso aqui</a> ou na bilheteria do cinema meia hora antes da sessão.</em></p>



<p></p>



<p><strong>A nossa festa já vai começar&nbsp;</strong></p>



<p>Dir.: Cadu Marques, doc., 14’, 2024, Santa Rita/MA</p>



<figure class="wp-block-image size-large"><img fetchpriority="high" decoding="async" width="819" height="1024" src="https://cinemadosquilombos.com.br/wp-content/uploads/2025/04/Copia-de-EVATISTO_P3-819x1024.png" alt="" class="wp-image-515" srcset="https://cinemadosquilombos.com.br/wp-content/uploads/2025/04/Copia-de-EVATISTO_P3-819x1024.png 819w, https://cinemadosquilombos.com.br/wp-content/uploads/2025/04/Copia-de-EVATISTO_P3-240x300.png 240w, https://cinemadosquilombos.com.br/wp-content/uploads/2025/04/Copia-de-EVATISTO_P3-768x960.png 768w, https://cinemadosquilombos.com.br/wp-content/uploads/2025/04/Copia-de-EVATISTO_P3.png 1080w" sizes="(max-width: 819px) 100vw, 819px" /></figure>



<p>Sempre atenta, Tia Antônia observa e memoriza por décadas a dança de gente, carros e máquinas cruzando a BR 135. Rodovia que liga o quilombo Centro dos Violas &#8211; lugar onde nascemos &#8211; ao quilombo Fé em Deus, ambos povoados de Santa Rita (MA). Migrações e encontros demarcam o contexto de formação das nossas comunidades, e é na festa onde tudo se cruza e se faz coletivo. Tambores anunciam um presente possível de permanência e sossego.</p>



<p>Assista:</p>



<figure class="wp-block-embed is-type-video is-provider-youtube wp-block-embed-youtube wp-embed-aspect-16-9 wp-has-aspect-ratio"><div class="wp-block-embed__wrapper">
<iframe title="Nossa festa já vai começar" width="500" height="281" src="https://www.youtube.com/embed/thpiQ3Lurhw?feature=oembed" frameborder="0" allow="accelerometer; autoplay; clipboard-write; encrypted-media; gyroscope; picture-in-picture; web-share" referrerpolicy="strict-origin-when-cross-origin" allowfullscreen></iframe>
</div></figure>



<p class="has-text-align-center">_____________________________</p>



<p><strong>A Sússia</strong></p>



<p>Dir.: Lucrécia Dias, doc. 17’, 2018, Quilombo Lagoa da Pedra &#8211; Arraias/TO</p>



<figure class="wp-block-image size-full"><img decoding="async" width="1024" height="683" src="https://cinemadosquilombos.com.br/wp-content/uploads/2025/04/WhatsApp-Image-2025-04-08-at-13.02.39.jpeg" alt="" class="wp-image-516" srcset="https://cinemadosquilombos.com.br/wp-content/uploads/2025/04/WhatsApp-Image-2025-04-08-at-13.02.39.jpeg 1024w, https://cinemadosquilombos.com.br/wp-content/uploads/2025/04/WhatsApp-Image-2025-04-08-at-13.02.39-300x200.jpeg 300w, https://cinemadosquilombos.com.br/wp-content/uploads/2025/04/WhatsApp-Image-2025-04-08-at-13.02.39-768x512.jpeg 768w" sizes="(max-width: 1024px) 100vw, 1024px" /></figure>



<p>A sússia é uma tradição no sudoeste do Tocantins e o documentário se passa na comunidade quilombola Lagoa da Pedra, onde a dança é uma das principais manifestações culturais.&nbsp;</p>



<p>Assista:</p>



<figure class="wp-block-embed is-type-video is-provider-youtube wp-block-embed-youtube wp-embed-aspect-16-9 wp-has-aspect-ratio"><div class="wp-block-embed__wrapper">
<iframe title="A Sússia" width="500" height="281" src="https://www.youtube.com/embed/6_lwzhzkXsY?feature=oembed" frameborder="0" allow="accelerometer; autoplay; clipboard-write; encrypted-media; gyroscope; picture-in-picture; web-share" referrerpolicy="strict-origin-when-cross-origin" allowfullscreen></iframe>
</div></figure>



<p class="has-text-align-center">_____________________________</p>



<p><strong>O Velhas</strong></p>



<p>Dir.: Altiere Leal, doc., 20’, 2024, Quilombo Tira Barro &#8211; Lassance/MG</p>



<figure class="wp-block-image size-large"><img decoding="async" width="1024" height="576" src="https://cinemadosquilombos.com.br/wp-content/uploads/2025/04/O_Velhas_Still_14_Altiere_Leal-1024x576.jpg" alt="" class="wp-image-517" srcset="https://cinemadosquilombos.com.br/wp-content/uploads/2025/04/O_Velhas_Still_14_Altiere_Leal-1024x576.jpg 1024w, https://cinemadosquilombos.com.br/wp-content/uploads/2025/04/O_Velhas_Still_14_Altiere_Leal-300x169.jpg 300w, https://cinemadosquilombos.com.br/wp-content/uploads/2025/04/O_Velhas_Still_14_Altiere_Leal-768x432.jpg 768w, https://cinemadosquilombos.com.br/wp-content/uploads/2025/04/O_Velhas_Still_14_Altiere_Leal-1536x864.jpg 1536w, https://cinemadosquilombos.com.br/wp-content/uploads/2025/04/O_Velhas_Still_14_Altiere_Leal.jpg 1920w" sizes="(max-width: 1024px) 100vw, 1024px" /></figure>



<p>Um mergulho nas histórias de vida, nas tradições culturais e nas lendas que permeiam o cotidiano dos ribeirinhos do Rio das Velhas.</p>



<p>Assista:</p>



<figure class="wp-block-embed is-type-video is-provider-youtube wp-block-embed-youtube wp-embed-aspect-16-9 wp-has-aspect-ratio"><div class="wp-block-embed__wrapper">
<iframe title="O Velhas" width="500" height="281" src="https://www.youtube.com/embed/3lkRVlbZzqE?feature=oembed" frameborder="0" allow="accelerometer; autoplay; clipboard-write; encrypted-media; gyroscope; picture-in-picture; web-share" referrerpolicy="strict-origin-when-cross-origin" allowfullscreen></iframe>
</div></figure>



<p class="has-text-align-center">_____________________________</p>



<p><strong>OURO &#8211; Uma Produção Árdua e Desvalorizada</strong></p>



<p>Dir.: Cadu Marques, doc., 10’, 2020, Quilombo Povoado Pedreiras &#8211; Santa Rita/MA</p>



<figure class="wp-block-image size-large"><img loading="lazy" decoding="async" width="1024" height="594" src="https://cinemadosquilombos.com.br/wp-content/uploads/2025/04/Ouro-2-1-1024x594.png" alt="" class="wp-image-566" srcset="https://cinemadosquilombos.com.br/wp-content/uploads/2025/04/Ouro-2-1-1024x594.png 1024w, https://cinemadosquilombos.com.br/wp-content/uploads/2025/04/Ouro-2-1-300x174.png 300w, https://cinemadosquilombos.com.br/wp-content/uploads/2025/04/Ouro-2-1-768x446.png 768w, https://cinemadosquilombos.com.br/wp-content/uploads/2025/04/Ouro-2-1.png 1080w" sizes="(max-width: 1024px) 100vw, 1024px" /></figure>



<p></p>



<p>OURO &#8211; Uma Produção Árdua e Desvaloriza fala sobre colheita, produção e uma não valorização social. Sobre a vida cotidiana de um povoado quilombola do interior do Maranhão. Pedreiras, em Santa Rita, é terra de preto que acorda cedo para ir a roça. Planta, cultiva, e arranca a mandioca para fazer o ouro que vai para mesa, para nossa mesa. Já se perguntou se o valor pago por você, é suficiente para a sobrevivência dos produtores de farinha?</p>



<p>Assista:</p>



<figure class="wp-block-embed is-type-video is-provider-youtube wp-block-embed-youtube wp-embed-aspect-16-9 wp-has-aspect-ratio"><div class="wp-block-embed__wrapper">
<iframe title="OURO - Uma Produção Árdua e Desvaloriza" width="500" height="281" src="https://www.youtube.com/embed/wj0md1YHRhU?feature=oembed" frameborder="0" allow="accelerometer; autoplay; clipboard-write; encrypted-media; gyroscope; picture-in-picture; web-share" referrerpolicy="strict-origin-when-cross-origin" allowfullscreen></iframe>
</div></figure>



<p><strong>Debate:</strong></p>



<p>Altiere Leal e Cadu Marques.</p>



<p>Mediação: Alessandra Brito (curadora da mostra)</p>



<p></p>

<p>Retire seu ingresso aqui ou na bilheteria do cinema meia hora antes da sessão. A nossa festa já vai começar&nbsp; Dir.: Cadu Marques, doc., 14’, 2024, Santa Rita/MA Sempre atenta, Tia Antônia observa e memoriza por décadas a dança de gente, carros e máquinas cruzando a BR 135. Rodovia que liga o quilombo Centro dos [&hellip;]</p>
